{"id":1292,"date":"2023-01-04T19:11:39","date_gmt":"2023-01-04T19:11:39","guid":{"rendered":"https:\/\/vanessaperrone.com\/?page_id=1292"},"modified":"2023-01-04T19:14:48","modified_gmt":"2023-01-04T19:14:48","slug":"la-diete-mediterraneenne","status":"publish","type":"page","link":"https:\/\/vanessaperrone.com\/fr\/la-diete-mediterraneenne\/","title":{"rendered":"La di\u00e8te m\u00e9diterran\u00e9enne"},"content":{"rendered":"<div class=\"wp-block-image\">\n<figure class=\"alignright size-full is-resized\"><img decoding=\"async\" loading=\"lazy\" src=\"https:\/\/vanessaperrone.com\/wp-content\/uploads\/2022\/01\/Chicken-salad.jpg\" alt=\"\" class=\"wp-image-1200\" width=\"346\" height=\"253\" srcset=\"https:\/\/vanessaperrone.com\/wp-content\/uploads\/2022\/01\/Chicken-salad.jpg 750w, https:\/\/vanessaperrone.com\/wp-content\/uploads\/2022\/01\/Chicken-salad-300x220.jpg 300w\" sizes=\"(max-width: 346px) 100vw, 346px\" \/><\/figure><\/div>\n\n\n<h2 class=\"wp-block-heading\">Qu&rsquo;est-ce que la di\u00e8te m\u00e9diterran\u00e9enne?<\/h2>\n\n\n\n<p>La di\u00e8te m\u00e9diterran\u00e9enne est un mod\u00e8le alimentaire traditionnel des ann\u00e9es 1960 bas\u00e9 sur les habitudes des habitants du sud de l&rsquo;Italie et de la Cr\u00eate. Les gens de cette r\u00e9gion \u00e0 cette \u00e9poque vivaient longtemps, en grande sant\u00e9, affichant des taux tr\u00e8s bas de maladies cardiovasculaires. Les scientifiques se sont donc pench\u00e9s sur le contenu de leurs assiettes et ont d\u00e9couvert le mod\u00e8le alimentaire connu aujourd&rsquo;hui sous le nom de <em>di\u00e8te m\u00e9diterran\u00e9enne<\/em>. Ce mod\u00e8le alimentaire flexible et savoureux se base sur des proportions de cat\u00e9gories d&rsquo;aliments consomm\u00e9s traditionnellement.  C&rsquo;est une alimentation grandement v\u00e9g\u00e9tale, caract\u00e9ris\u00e9e par:<\/p>\n\n\n\n<ul>\n<li>une consommation \u00e9lev\u00e9e d\u2019huile d&rsquo;olive extra vierge, \u00e0 tous les jours et comme mati\u00e8re grasse principale<\/li>\n\n\n\n<li>une abondance de l\u00e9gumes, fruits, l\u00e9gumineuses, grains entiers et noix<\/li>\n\n\n\n<li>peu d&rsquo;aliments transform\u00e9s<\/li>\n\n\n\n<li>des fruits frais au quotidien, souvent comme dessert<\/li>\n\n\n\n<li>une consommation fr\u00e9quente de poissons et fruits de mer<\/li>\n\n\n\n<li> une consommation mod\u00e9r\u00e9e de volaille, oeufs et produits laitiers<\/li>\n\n\n\n<li>une consommation r\u00e9guli\u00e8re mais mod\u00e9r\u00e9e de vin rouge<\/li>\n\n\n\n<li>une faible consommation de viande rouge et de sucreries<\/li>\n\n\n\n<li><\/li>\n<\/ul>\n\n\n\n<h2 class=\"wp-block-heading\">Les bienfaits de la di\u00e8te m\u00e9diterran\u00e9enne<\/h2>\n\n\n\n<p>Depuis sa d\u00e9couverte, les chercheurs se penchent sur l&rsquo;impact de la di\u00e8te m\u00e9diterran\u00e9enne sur une panoplie de conditions m\u00e9dicales. Voici un aper\u00e7u des bienfaits associ\u00e9s avec la di\u00e8te m\u00e9diterran\u00e9enne:<\/p>\n\n\n\n<ul>\n<li>Prolongation de l\u2019<strong>esp\u00e9rance de vie<\/strong><\/li>\n\n\n\n<li>Meilleur profil lipidique<\/li>\n\n\n\n<li>Protection contre certains <strong>cancers<\/strong><\/li>\n\n\n\n<li>Protection contre le <strong>diab\u00e8te<\/strong> et ses complications<\/li>\n\n\n\n<li>R\u00e9duction du risque de<strong> maladies cardiovasculaires<\/strong><\/li>\n\n\n\n<li>Meilleure sant\u00e9 <strong>visuelle<\/strong><\/li>\n\n\n\n<li>Impact sur la <strong>sant\u00e9 mentale<\/strong> et diminution du risque de<strong> sympt\u00f4mes d\u00e9pressifs<\/strong> <\/li>\n\n\n\n<li>Augmentation de la <strong>fertilit\u00e9<\/strong><\/li>\n\n\n\n<li>Protection contre <strong>l\u2019asthme<\/strong><\/li>\n\n\n\n<li>R\u00e9duction du risque <strong>d\u2019Alzheimer\u2019s<\/strong><\/li>\n\n\n\n<li>Am\u00e9lioration de la qualit\u00e9 de vie des personnes souffrant <strong>d\u2019arthrose<\/strong><\/li>\n\n\n\n<li>Meilleure diversification du <strong>microbiote<\/strong> intestinal<\/li>\n<\/ul>\n\n\n\n<h2 class=\"wp-block-heading\">Le mode de vie de la di\u00e8te m\u00e9diterran\u00e9enne<\/h2>\n\n\n\n<p>La di\u00e8te m\u00e9diterran\u00e9enne, ce n\u2019est pas une di\u00e8te mais plut\u00f4t un mode de vie. Au-del\u00e0 des aliments sur l\u2019assiette, les habitudes de vie jouent un r\u00f4le cl\u00e9.<\/p>\n\n\n\n<ul>\n<li>De l\u2019activit\u00e9 physique au quotidien<\/li>\n\n\n\n<li>Des repas consomm\u00e9s en famille<\/li>\n\n\n\n<li>Une cuisine d\u00e9complex\u00e9e et agr\u00e9able<\/li>\n\n\n\n<li>Un accent sur les produits locaux<\/li>\n\n\n\n<li>Des aliments r\u00e9colt\u00e9s du jardin<\/li>\n\n\n\n<li>Des repas savour\u00e9s, lentement et avec plaisir&nbsp;<\/li>\n\n\n\n<li>Un grand respect pour les ingr\u00e9dients, sans gaspillage<\/li>\n<\/ul>\n\n\n<div class=\"wp-block-image\">\n<figure class=\"aligncenter size-large is-resized\"><a href=\"https:\/\/shop.vanessaperrone.com\/fr\/products\/mediterraneenne-recettes-et-inspirations-ensoleillees\"><img decoding=\"async\" loading=\"lazy\" src=\"https:\/\/vanessaperrone.com\/wp-content\/uploads\/2022\/04\/Home-Book@2x-851x1024.png\" alt=\"\" class=\"wp-image-1265\" width=\"358\" height=\"430\" srcset=\"https:\/\/vanessaperrone.com\/wp-content\/uploads\/2022\/04\/Home-Book@2x-851x1024.png 851w, https:\/\/vanessaperrone.com\/wp-content\/uploads\/2022\/04\/Home-Book@2x-249x300.png 249w, https:\/\/vanessaperrone.com\/wp-content\/uploads\/2022\/04\/Home-Book@2x-768x924.png 768w, https:\/\/vanessaperrone.com\/wp-content\/uploads\/2022\/04\/Home-Book@2x.png 929w\" sizes=\"(max-width: 358px) 100vw, 358px\" \/><\/a><figcaption class=\"wp-element-caption\">M\u00c9DITERRAN\u00c9ENNE &#8211; Recettes et inspirations ensoleill\u00e9es<\/figcaption><\/figure><\/div>","protected":false},"excerpt":{"rendered":"<p>Qu&rsquo;est-ce que la di\u00e8te m\u00e9diterran\u00e9enne? La di\u00e8te m\u00e9diterran\u00e9enne est un mod\u00e8le alimentaire traditionnel des ann\u00e9es 1960 bas\u00e9 sur les habitudes des habitants du sud de l&rsquo;Italie et de la Cr\u00eate. Les gens de cette r\u00e9gion \u00e0 cette \u00e9poque vivaient longtemps, en grande sant\u00e9, affichant des taux tr\u00e8s bas de maladies cardiovasculaires. Les scientifiques se sont [&hellip;]<\/p>\n","protected":false},"author":3,"featured_media":0,"parent":0,"menu_order":0,"comment_status":"closed","ping_status":"closed","template":"","meta":{"_genesis_hide_title":false,"_genesis_hide_breadcrumbs":false,"_genesis_hide_singular_image":false,"_genesis_hide_footer_widgets":false,"_genesis_custom_body_class":"","_genesis_custom_post_class":"","_genesis_layout":"","footnotes":""},"yoast_head":"<!-- This site is optimized with the Yoast SEO plugin v21.2 - https:\/\/yoast.com\/wordpress\/plugins\/seo\/ -->\n<title>La di\u00e8te m\u00e9diterran\u00e9enne - Vanessa Perrone<\/title>\n<meta name=\"description\" content=\"Qu&#039;est-ce que la di\u00e8te m\u00e9diterran\u00e9enne? La di\u00e8te m\u00e9diterran\u00e9enne expliqu\u00e9e par nutritionniste auteure du livre M\u00c9DITERRAN\u00c9ENNE Vanessa Perrone\" \/>\n<meta name=\"robots\" content=\"index, follow, max-snippet:-1, max-image-preview:large, max-video-preview:-1\" \/>\n<link rel=\"canonical\" href=\"https:\/\/vanessaperrone.com\/fr\/la-diete-mediterraneenne\/\" \/>\n<meta property=\"og:locale\" content=\"fr_FR\" \/>\n<meta property=\"og:type\" content=\"article\" \/>\n<meta property=\"og:title\" content=\"La di\u00e8te m\u00e9diterran\u00e9enne - Vanessa Perrone\" \/>\n<meta property=\"og:description\" content=\"Qu&#039;est-ce que la di\u00e8te m\u00e9diterran\u00e9enne? La di\u00e8te m\u00e9diterran\u00e9enne expliqu\u00e9e par nutritionniste auteure du livre M\u00c9DITERRAN\u00c9ENNE Vanessa Perrone\" \/>\n<meta property=\"og:url\" content=\"https:\/\/vanessaperrone.com\/fr\/la-diete-mediterraneenne\/\" \/>\n<meta property=\"og:site_name\" content=\"Vanessa Perrone\" \/>\n<meta property=\"article:modified_time\" content=\"2023-01-04T19:14:48+00:00\" \/>\n<meta property=\"og:image\" content=\"https:\/\/vanessaperrone.com\/wp-content\/uploads\/2022\/01\/Chicken-salad.jpg\" \/>\n<meta name=\"twitter:card\" content=\"summary_large_image\" \/>\n<meta name=\"twitter:label1\" content=\"Dur\u00e9e de lecture estim\u00e9e\" \/>\n\t<meta name=\"twitter:data1\" content=\"2 minutes\" \/>\n<script type=\"application\/ld+json\" class=\"yoast-schema-graph\">{\"@context\":\"https:\/\/schema.org\",\"@graph\":[{\"@type\":\"WebPage\",\"@id\":\"https:\/\/vanessaperrone.com\/fr\/la-diete-mediterraneenne\/\",\"url\":\"https:\/\/vanessaperrone.com\/fr\/la-diete-mediterraneenne\/\",\"name\":\"La di\u00e8te m\u00e9diterran\u00e9enne - Vanessa Perrone\",\"isPartOf\":{\"@id\":\"https:\/\/vanessaperrone.com\/#website\"},\"datePublished\":\"2023-01-04T19:11:39+00:00\",\"dateModified\":\"2023-01-04T19:14:48+00:00\",\"description\":\"Qu'est-ce que la di\u00e8te m\u00e9diterran\u00e9enne? La di\u00e8te m\u00e9diterran\u00e9enne expliqu\u00e9e par nutritionniste auteure du livre M\u00c9DITERRAN\u00c9ENNE Vanessa Perrone\",\"breadcrumb\":{\"@id\":\"https:\/\/vanessaperrone.com\/fr\/la-diete-mediterraneenne\/#breadcrumb\"},\"inLanguage\":\"fr-FR\",\"potentialAction\":[{\"@type\":\"ReadAction\",\"target\":[\"https:\/\/vanessaperrone.com\/fr\/la-diete-mediterraneenne\/\"]}]},{\"@type\":\"BreadcrumbList\",\"@id\":\"https:\/\/vanessaperrone.com\/fr\/la-diete-mediterraneenne\/#breadcrumb\",\"itemListElement\":[{\"@type\":\"ListItem\",\"position\":1,\"name\":\"Home\",\"item\":\"https:\/\/vanessaperrone.com\/fr\/\"},{\"@type\":\"ListItem\",\"position\":2,\"name\":\"La di\u00e8te m\u00e9diterran\u00e9enne\"}]},{\"@type\":\"WebSite\",\"@id\":\"https:\/\/vanessaperrone.com\/#website\",\"url\":\"https:\/\/vanessaperrone.com\/\",\"name\":\"Vanessa Perrone\",\"description\":\"Mindful eating &amp; mediterranean living\",\"potentialAction\":[{\"@type\":\"SearchAction\",\"target\":{\"@type\":\"EntryPoint\",\"urlTemplate\":\"https:\/\/vanessaperrone.com\/?s={search_term_string}\"},\"query-input\":\"required name=search_term_string\"}],\"inLanguage\":\"fr-FR\"}]}<\/script>\n<!-- \/ Yoast SEO plugin. -->","yoast_head_json":{"title":"La di\u00e8te m\u00e9diterran\u00e9enne - Vanessa Perrone","description":"Qu'est-ce que la di\u00e8te m\u00e9diterran\u00e9enne? La di\u00e8te m\u00e9diterran\u00e9enne expliqu\u00e9e par nutritionniste auteure du livre M\u00c9DITERRAN\u00c9ENNE Vanessa Perrone","robots":{"index":"index","follow":"follow","max-snippet":"max-snippet:-1","max-image-preview":"max-image-preview:large","max-video-preview":"max-video-preview:-1"},"canonical":"https:\/\/vanessaperrone.com\/fr\/la-diete-mediterraneenne\/","og_locale":"fr_FR","og_type":"article","og_title":"La di\u00e8te m\u00e9diterran\u00e9enne - Vanessa Perrone","og_description":"Qu'est-ce que la di\u00e8te m\u00e9diterran\u00e9enne? La di\u00e8te m\u00e9diterran\u00e9enne expliqu\u00e9e par nutritionniste auteure du livre M\u00c9DITERRAN\u00c9ENNE Vanessa Perrone","og_url":"https:\/\/vanessaperrone.com\/fr\/la-diete-mediterraneenne\/","og_site_name":"Vanessa Perrone","article_modified_time":"2023-01-04T19:14:48+00:00","og_image":[{"url":"https:\/\/vanessaperrone.com\/wp-content\/uploads\/2022\/01\/Chicken-salad.jpg"}],"twitter_card":"summary_large_image","twitter_misc":{"Dur\u00e9e de lecture estim\u00e9e":"2 minutes"},"schema":{"@context":"https:\/\/schema.org","@graph":[{"@type":"WebPage","@id":"https:\/\/vanessaperrone.com\/fr\/la-diete-mediterraneenne\/","url":"https:\/\/vanessaperrone.com\/fr\/la-diete-mediterraneenne\/","name":"La di\u00e8te m\u00e9diterran\u00e9enne - Vanessa Perrone","isPartOf":{"@id":"https:\/\/vanessaperrone.com\/#website"},"datePublished":"2023-01-04T19:11:39+00:00","dateModified":"2023-01-04T19:14:48+00:00","description":"Qu'est-ce que la di\u00e8te m\u00e9diterran\u00e9enne? La di\u00e8te m\u00e9diterran\u00e9enne expliqu\u00e9e par nutritionniste auteure du livre M\u00c9DITERRAN\u00c9ENNE Vanessa Perrone","breadcrumb":{"@id":"https:\/\/vanessaperrone.com\/fr\/la-diete-mediterraneenne\/#breadcrumb"},"inLanguage":"fr-FR","potentialAction":[{"@type":"ReadAction","target":["https:\/\/vanessaperrone.com\/fr\/la-diete-mediterraneenne\/"]}]},{"@type":"BreadcrumbList","@id":"https:\/\/vanessaperrone.com\/fr\/la-diete-mediterraneenne\/#breadcrumb","itemListElement":[{"@type":"ListItem","position":1,"name":"Home","item":"https:\/\/vanessaperrone.com\/fr\/"},{"@type":"ListItem","position":2,"name":"La di\u00e8te m\u00e9diterran\u00e9enne"}]},{"@type":"WebSite","@id":"https:\/\/vanessaperrone.com\/#website","url":"https:\/\/vanessaperrone.com\/","name":"Vanessa Perrone","description":"Mindful eating &amp; mediterranean living","potentialAction":[{"@type":"SearchAction","target":{"@type":"EntryPoint","urlTemplate":"https:\/\/vanessaperrone.com\/?s={search_term_string}"},"query-input":"required name=search_term_string"}],"inLanguage":"fr-FR"}]}},"_links":{"self":[{"href":"https:\/\/vanessaperrone.com\/fr\/wp-json\/wp\/v2\/pages\/1292"}],"collection":[{"href":"https:\/\/vanessaperrone.com\/fr\/wp-json\/wp\/v2\/pages"}],"about":[{"href":"https:\/\/vanessaperrone.com\/fr\/wp-json\/wp\/v2\/types\/page"}],"author":[{"embeddable":true,"href":"https:\/\/vanessaperrone.com\/fr\/wp-json\/wp\/v2\/users\/3"}],"replies":[{"embeddable":true,"href":"https:\/\/vanessaperrone.com\/fr\/wp-json\/wp\/v2\/comments?post=1292"}],"version-history":[{"count":4,"href":"https:\/\/vanessaperrone.com\/fr\/wp-json\/wp\/v2\/pages\/1292\/revisions"}],"predecessor-version":[{"id":1298,"href":"https:\/\/vanessaperrone.com\/fr\/wp-json\/wp\/v2\/pages\/1292\/revisions\/1298"}],"wp:attachment":[{"href":"https:\/\/vanessaperrone.com\/fr\/wp-json\/wp\/v2\/media?parent=1292"}],"curies":[{"name":"wp","href":"https:\/\/api.w.org\/{rel}","templated":true}]}}

La diète méditerranéenne

<div class="wp-block-image">
<figure class="alignright size-full is-resized"><img decoding="async" loading="lazy" src="https://vanessaperrone.com/wp-content/uploads/2022/01/Chicken-salad.jpg" alt="" class="wp-image-1200" width="346" height="253" srcset="https://vanessaperrone.com/wp-content/uploads/2022/01/Chicken-salad.jpg 750w, https://vanessaperrone.com/wp-content/uploads/2022/01/Chicken-salad-300x220.jpg 300w" sizes="(max-width: 346px) 100vw, 346px" /></figure></div>


<h2 class="wp-block-heading">Qu&rsquo;est-ce que la diète méditerranéenne?</h2>



<p>La diète méditerranéenne est un modèle alimentaire traditionnel des années 1960 basé sur les habitudes des habitants du sud de l&rsquo;Italie et de la Crête. Les gens de cette région à cette époque vivaient longtemps, en grande santé, affichant des taux très bas de maladies cardiovasculaires. Les scientifiques se sont donc penchés sur le contenu de leurs assiettes et ont découvert le modèle alimentaire connu aujourd&rsquo;hui sous le nom de <em>diète méditerranéenne</em>. Ce modèle alimentaire flexible et savoureux se base sur des proportions de catégories d&rsquo;aliments consommés traditionnellement.  C&rsquo;est une alimentation grandement végétale, caractérisée par:</p>



<ul>
<li>une consommation élevée d’huile d&rsquo;olive extra vierge, à tous les jours et comme matière grasse principale</li>



<li>une abondance de légumes, fruits, légumineuses, grains entiers et noix</li>



<li>peu d&rsquo;aliments transformés</li>



<li>des fruits frais au quotidien, souvent comme dessert</li>



<li>une consommation fréquente de poissons et fruits de mer</li>



<li> une consommation modérée de volaille, oeufs et produits laitiers</li>



<li>une consommation régulière mais modérée de vin rouge</li>



<li>une faible consommation de viande rouge et de sucreries</li>



<li></li>
</ul>



<h2 class="wp-block-heading">Les bienfaits de la diète méditerranéenne</h2>



<p>Depuis sa découverte, les chercheurs se penchent sur l&rsquo;impact de la diète méditerranéenne sur une panoplie de conditions médicales. Voici un aperçu des bienfaits associés avec la diète méditerranéenne:</p>



<ul>
<li>Prolongation de l’<strong>espérance de vie</strong></li>



<li>Meilleur profil lipidique</li>



<li>Protection contre certains <strong>cancers</strong></li>



<li>Protection contre le <strong>diabète</strong> et ses complications</li>



<li>Réduction du risque de<strong> maladies cardiovasculaires</strong></li>



<li>Meilleure santé <strong>visuelle</strong></li>



<li>Impact sur la <strong>santé mentale</strong> et diminution du risque de<strong> symptômes dépressifs</strong> </li>



<li>Augmentation de la <strong>fertilité</strong></li>



<li>Protection contre <strong>l’asthme</strong></li>



<li>Réduction du risque <strong>d’Alzheimer’s</strong></li>



<li>Amélioration de la qualité de vie des personnes souffrant <strong>d’arthrose</strong></li>



<li>Meilleure diversification du <strong>microbiote</strong> intestinal</li>
</ul>



<h2 class="wp-block-heading">Le mode de vie de la diète méditerranéenne</h2>



<p>La diète méditerranéenne, ce n’est pas une diète mais plutôt un mode de vie. Au-delà des aliments sur l’assiette, les habitudes de vie jouent un rôle clé.</p>



<ul>
<li>De l’activité physique au quotidien</li>



<li>Des repas consommés en famille</li>



<li>Une cuisine décomplexée et agréable</li>



<li>Un accent sur les produits locaux</li>



<li>Des aliments récoltés du jardin</li>



<li>Des repas savourés, lentement et avec plaisir&nbsp;</li>



<li>Un grand respect pour les ingrédients, sans gaspillage</li>
</ul>


<div class="wp-block-image">
<figure class="aligncenter size-large is-resized"><a href="https://shop.vanessaperrone.com/fr/products/mediterraneenne-recettes-et-inspirations-ensoleillees"><img decoding="async" loading="lazy" src="https://vanessaperrone.com/wp-content/uploads/2022/04/Home-Book@2x-851x1024.png" alt="" class="wp-image-1265" width="358" height="430" srcset="https://vanessaperrone.com/wp-content/uploads/2022/04/Home-Book@2x-851x1024.png 851w, https://vanessaperrone.com/wp-content/uploads/2022/04/Home-Book@2x-249x300.png 249w, https://vanessaperrone.com/wp-content/uploads/2022/04/Home-Book@2x-768x924.png 768w, https://vanessaperrone.com/wp-content/uploads/2022/04/Home-Book@2x.png 929w" sizes="(max-width: 358px) 100vw, 358px" /></a><figcaption class="wp-element-caption">MÉDITERRANÉENNE &#8211; Recettes et inspirations ensoleillées</figcaption></figure></div>

<p>Qu&rsquo;est-ce que la diète méditerranéenne? La diète méditerranéenne est un modèle alimentaire traditionnel des années 1960 basé sur les habitudes des habitants du sud de l&rsquo;Italie et de la Crête. Les gens de cette région à cette époque vivaient longtemps, en grande santé, affichant des taux très bas de maladies cardiovasculaires. Les scientifiques se sont [&hellip;]</p>

<!-- This site is optimized with the Yoast SEO plugin v21.2 - https://yoast.com/wordpress/plugins/seo/ -->
<title>La diète méditerranéenne - Vanessa Perrone</title>
<meta name="description" content="Qu&#039;est-ce que la diète méditerranéenne? La diète méditerranéenne expliquée par nutritionniste auteure du livre MÉDITERRANÉENNE Vanessa Perrone" />
<meta name="robots" content="index, follow, max-snippet:-1, max-image-preview:large, max-video-preview:-1" />
<link rel="canonical" href="https://vanessaperrone.com/fr/la-diete-mediterraneenne/" />
<meta property="og:locale" content="fr_FR" />
<meta property="og:type" content="article" />
<meta property="og:title" content="La diète méditerranéenne - Vanessa Perrone" />
<meta property="og:description" content="Qu&#039;est-ce que la diète méditerranéenne? La diète méditerranéenne expliquée par nutritionniste auteure du livre MÉDITERRANÉENNE Vanessa Perrone" />
<meta property="og:url" content="https://vanessaperrone.com/fr/la-diete-mediterraneenne/" />
<meta property="og:site_name" content="Vanessa Perrone" />
<meta property="article:modified_time" content="2023-01-04T19:14:48+00:00" />
<meta property="og:image" content="https://vanessaperrone.com/wp-content/uploads/2022/01/Chicken-salad.jpg" />
<meta name="twitter:card" content="summary_large_image" />
<meta name="twitter:label1" content="Durée de lecture estimée" />
	<meta name="twitter:data1" content="2 minutes" />
<script type="application/ld+json" class="yoast-schema-graph">{"@context":"https://schema.org","@graph":[{"@type":"WebPage","@id":"https://vanessaperrone.com/fr/la-diete-mediterraneenne/","url":"https://vanessaperrone.com/fr/la-diete-mediterraneenne/","name":"La diète méditerranéenne - Vanessa Perrone","isPartOf":{"@id":"https://vanessaperrone.com/#website"},"datePublished":"2023-01-04T19:11:39+00:00","dateModified":"2023-01-04T19:14:48+00:00","description":"Qu'est-ce que la diète méditerranéenne? La diète méditerranéenne expliquée par nutritionniste auteure du livre MÉDITERRANÉENNE Vanessa Perrone","breadcrumb":{"@id":"https://vanessaperrone.com/fr/la-diete-mediterraneenne/#breadcrumb"},"inLanguage":"fr-FR","potentialAction":[{"@type":"ReadAction","target":["https://vanessaperrone.com/fr/la-diete-mediterraneenne/"]}]},{"@type":"BreadcrumbList","@id":"https://vanessaperrone.com/fr/la-diete-mediterraneenne/#breadcrumb","itemListElement":[{"@type":"ListItem","position":1,"name":"Home","item":"https://vanessaperrone.com/fr/"},{"@type":"ListItem","position":2,"name":"La diète méditerranéenne"}]},{"@type":"WebSite","@id":"https://vanessaperrone.com/#website","url":"https://vanessaperrone.com/","name":"Vanessa Perrone","description":"Mindful eating &amp; mediterranean living","potentialAction":[{"@type":"SearchAction","target":{"@type":"EntryPoint","urlTemplate":"https://vanessaperrone.com/?s={search_term_string}"},"query-input":"required name=search_term_string"}],"inLanguage":"fr-FR"}]}</script>
<!-- / Yoast SEO plugin. -->

La diète méditerranéenne - Vanessa Perrone

Qu'est-ce que la diète méditerranéenne? La diète méditerranéenne expliquée par nutritionniste auteure du livre MÉDITERRANÉENNE Vanessa Perrone
